{"id":141,"date":"2012-08-21T21:49:16","date_gmt":"2012-08-21T21:49:16","guid":{"rendered":"http:\/\/c3.usac.edu.gt\/jardinbotanico.usac.edu.gt\/public_html\/?page_id=141"},"modified":"2024-01-19T22:04:53","modified_gmt":"2024-01-19T22:04:53","slug":"mision-y-vision","status":"publish","type":"page","link":"https:\/\/jardinbotanico.usac.edu.gt\/?page_id=141","title":{"rendered":"Misi\u00f3n y Visi\u00f3n"},"content":{"rendered":"\n<h1 class=\"wp-block-heading has-text-align-center has-black-color has-text-color has-x-large-font-size\" style=\"font-style:normal;font-weight:600;text-transform:uppercase\">Misi\u00f3n<\/h1>\n\n\n\n<hr class=\"wp-block-separator has-alpha-channel-opacity\"\/>\n\n\n\n<div class=\"wp-block-media-text is-stacked-on-mobile\"><figure class=\"wp-block-media-text__media\"><img loading=\"lazy\" decoding=\"async\" width=\"1024\" height=\"683\" src=\"http:\/\/jardinbotanico.usac.edu.gt\/wp-content\/uploads\/2021\/04\/94390406_1072754579765429_4046500865240989696_n-1024x683.jpg\" alt=\"\" class=\"wp-image-657 size-full\" srcset=\"https:\/\/jardinbotanico.usac.edu.gt\/wp-content\/uploads\/2021\/04\/94390406_1072754579765429_4046500865240989696_n-1024x683.jpg 1024w, https:\/\/jardinbotanico.usac.edu.gt\/wp-content\/uploads\/2021\/04\/94390406_1072754579765429_4046500865240989696_n-300x200.jpg 300w, https:\/\/jardinbotanico.usac.edu.gt\/wp-content\/uploads\/2021\/04\/94390406_1072754579765429_4046500865240989696_n-768x512.jpg 768w, https:\/\/jardinbotanico.usac.edu.gt\/wp-content\/uploads\/2021\/04\/94390406_1072754579765429_4046500865240989696_n-1536x1024.jpg 1536w, https:\/\/jardinbotanico.usac.edu.gt\/wp-content\/uploads\/2021\/04\/94390406_1072754579765429_4046500865240989696_n.jpg 2048w\" sizes=\"auto, (max-width: 1024px) 100vw, 1024px\" \/><\/figure><div class=\"wp-block-media-text__content\">\n<p><\/p>\n\n\n\n<p class=\"has-medium-font-size\">El Jard\u00edn Bot\u00e1nico es una unidad especializada en el cultivo y mantenimiento de colecciones bot\u00e1nicas vivas (Jard\u00edn Bot\u00e1nico e <em>Index Seminu<\/em>m) y mantenimiento de colecciones bot\u00e1nicas herborizadas (Herbario), donde se lleva a cabo la investigaci\u00f3n, conservaci\u00f3n y educaci\u00f3n.<\/p>\n<\/div><\/div>\n\n\n\n<div class=\"wp-block-columns is-layout-flex wp-container-core-columns-is-layout-9d6595d7 wp-block-columns-is-layout-flex\">\n<div class=\"wp-block-column is-layout-flow wp-block-column-is-layout-flow\" style=\"flex-basis:100%\">\n<div class=\"wp-block-group is-content-justification-right is-nowrap is-layout-flex wp-container-core-group-is-layout-fd526d70 wp-block-group-is-layout-flex\">\n<div class=\"wp-block-columns is-layout-flex wp-container-core-columns-is-layout-9d6595d7 wp-block-columns-is-layout-flex\"><\/div>\n<\/div>\n<\/div>\n<\/div>\n\n\n\n<h1 class=\"wp-block-heading has-text-align-center has-black-color has-text-color has-x-large-font-size\" style=\"font-style:normal;font-weight:600;text-transform:uppercase\"><strong>Visi\u00f3n<\/strong><\/h1>\n\n\n\n<hr class=\"wp-block-separator has-alpha-channel-opacity\"\/>\n\n\n\n<p><\/p>\n\n\n\n<div class=\"wp-block-media-text has-media-on-the-right is-stacked-on-mobile\"><div class=\"wp-block-media-text__content\">\n<p class=\"has-medium-font-size\">El Jard\u00edn Bot\u00e1nico, unidad del CECON, es identificable por los organismos universitarios, Jardines Bot\u00e1nicos e instituciones afines en el extranjero y otras instituciones nacionales e internacionales que trabajan en la investigaci\u00f3n, conservaci\u00f3n y educaci\u00f3n, porque est\u00e1 inmerso dentro de las grandes l\u00edneas mundiales de acci\u00f3n sobre conservaci\u00f3n y el manejo adecuado de sus colecciones bot\u00e1nicas.<\/p>\n<\/div><figure class=\"wp-block-media-text__media\"><img loading=\"lazy\" decoding=\"async\" width=\"1024\" height=\"680\" src=\"http:\/\/jardinbotanico.usac.edu.gt\/wp-content\/uploads\/2021\/04\/GUA05-JARDIN-BOTANICO-USAC-copia-1024x680.jpg\" alt=\"\" class=\"wp-image-671 size-full\" srcset=\"https:\/\/jardinbotanico.usac.edu.gt\/wp-content\/uploads\/2021\/04\/GUA05-JARDIN-BOTANICO-USAC-copia-1024x680.jpg 1024w, https:\/\/jardinbotanico.usac.edu.gt\/wp-content\/uploads\/2021\/04\/GUA05-JARDIN-BOTANICO-USAC-copia-300x199.jpg 300w, https:\/\/jardinbotanico.usac.edu.gt\/wp-content\/uploads\/2021\/04\/GUA05-JARDIN-BOTANICO-USAC-copia-768x510.jpg 768w, https:\/\/jardinbotanico.usac.edu.gt\/wp-content\/uploads\/2021\/04\/GUA05-JARDIN-BOTANICO-USAC-copia-1536x1020.jpg 1536w, https:\/\/jardinbotanico.usac.edu.gt\/wp-content\/uploads\/2021\/04\/GUA05-JARDIN-BOTANICO-USAC-copia-2048x1360.jpg 2048w\" sizes=\"auto, (max-width: 1024px) 100vw, 1024px\" \/><\/figure><\/div>\n","protected":false},"excerpt":{"rendered":"<p>Misi\u00f3n El Jard\u00edn Bot\u00e1nico es una unidad especializada en el cultivo y mantenimiento de colecciones bot\u00e1nicas vivas (Jard\u00edn Bot\u00e1nico e Index Seminum) y mantenimiento de colecciones bot\u00e1nicas herborizadas (Herbario), donde se lleva a cabo la investigaci\u00f3n, conservaci\u00f3n y educaci\u00f3n. Visi\u00f3n El Jard\u00edn Bot\u00e1nico, unidad del CECON, es identificable por los organismos universitarios, Jardines Bot\u00e1nicos e [&hellip;]<\/p>\n","protected":false},"author":1,"featured_media":688,"parent":19,"menu_order":1,"comment_status":"open","ping_status":"closed","template":"","meta":{"footnotes":""},"class_list":["post-141","page","type-page","status-publish","has-post-thumbnail","czr-hentry"],"_links":{"self":[{"href":"https:\/\/jardinbotanico.usac.edu.gt\/index.php?rest_route=\/wp\/v2\/pages\/141","targetHints":{"allow":["GET"]}}],"collection":[{"href":"https:\/\/jardinbotanico.usac.edu.gt\/index.php?rest_route=\/wp\/v2\/pages"}],"about":[{"href":"https:\/\/jardinbotanico.usac.edu.gt\/index.php?rest_route=\/wp\/v2\/types\/page"}],"author":[{"embeddable":true,"href":"https:\/\/jardinbotanico.usac.edu.gt\/index.php?rest_route=\/wp\/v2\/users\/1"}],"replies":[{"embeddable":true,"href":"https:\/\/jardinbotanico.usac.edu.gt\/index.php?rest_route=%2Fwp%2Fv2%2Fcomments&post=141"}],"version-history":[{"count":14,"href":"https:\/\/jardinbotanico.usac.edu.gt\/index.php?rest_route=\/wp\/v2\/pages\/141\/revisions"}],"predecessor-version":[{"id":913,"href":"https:\/\/jardinbotanico.usac.edu.gt\/index.php?rest_route=\/wp\/v2\/pages\/141\/revisions\/913"}],"up":[{"embeddable":true,"href":"https:\/\/jardinbotanico.usac.edu.gt\/index.php?rest_route=\/wp\/v2\/pages\/19"}],"wp:featuredmedia":[{"embeddable":true,"href":"https:\/\/jardinbotanico.usac.edu.gt\/index.php?rest_route=\/wp\/v2\/media\/688"}],"wp:attachment":[{"href":"https:\/\/jardinbotanico.usac.edu.gt\/index.php?rest_route=%2Fwp%2Fv2%2Fmedia&parent=141"}],"curies":[{"name":"wp","href":"https:\/\/api.w.org\/{rel}","templated":true}]}}