{"id":776,"date":"2021-04-20T14:40:50","date_gmt":"2021-04-20T14:40:50","guid":{"rendered":"http:\/\/jardinbotanico.usac.edu.gt\/?page_id=776"},"modified":"2021-04-20T18:27:48","modified_gmt":"2021-04-20T18:27:48","slug":"hacia-donde-vamos","status":"publish","type":"page","link":"https:\/\/jardinbotanico.usac.edu.gt\/?page_id=776","title":{"rendered":"METAS"},"content":{"rendered":"\n<div class=\"wp-block-columns is-layout-flex wp-container-core-columns-is-layout-9d6595d7 wp-block-columns-is-layout-flex\">\n<div class=\"wp-block-column is-layout-flow wp-block-column-is-layout-flow\" style=\"flex-basis:100%\">\n<div class=\"wp-block-columns are-vertically-aligned-bottom is-layout-flex wp-container-core-columns-is-layout-9d6595d7 wp-block-columns-is-layout-flex\">\n<div class=\"wp-block-column is-vertically-aligned-bottom is-layout-flow wp-block-column-is-layout-flow\" style=\"flex-basis:100%\">\n<div class=\"wp-block-group alignwide\"><div class=\"wp-block-group__inner-container is-layout-flow wp-block-group-is-layout-flow\">\n<div class=\"wp-block-media-text alignfull has-media-on-the-right is-stacked-on-mobile is-vertically-aligned-center\" style=\"grid-template-columns:auto 34%\"><figure class=\"wp-block-media-text__media\"><img loading=\"lazy\" decoding=\"async\" width=\"1024\" height=\"768\" src=\"http:\/\/jardinbotanico.usac.edu.gt\/wp-content\/uploads\/2021\/04\/Cucurbita-moschata-Duchesne1-1024x768.jpg\" alt=\"\" class=\"wp-image-788 size-full\" srcset=\"https:\/\/jardinbotanico.usac.edu.gt\/wp-content\/uploads\/2021\/04\/Cucurbita-moschata-Duchesne1-1024x768.jpg 1024w, https:\/\/jardinbotanico.usac.edu.gt\/wp-content\/uploads\/2021\/04\/Cucurbita-moschata-Duchesne1-300x225.jpg 300w, https:\/\/jardinbotanico.usac.edu.gt\/wp-content\/uploads\/2021\/04\/Cucurbita-moschata-Duchesne1-768x576.jpg 768w, https:\/\/jardinbotanico.usac.edu.gt\/wp-content\/uploads\/2021\/04\/Cucurbita-moschata-Duchesne1-1536x1152.jpg 1536w, https:\/\/jardinbotanico.usac.edu.gt\/wp-content\/uploads\/2021\/04\/Cucurbita-moschata-Duchesne1-2048x1536.jpg 2048w\" sizes=\"auto, (max-width: 1024px) 100vw, 1024px\" \/><\/figure><div class=\"wp-block-media-text__content\">\n<ul id=\"block-0f7fe9e2-d2fb-4e4b-a3b5-abb53e226ccd\" class=\"has-medium-font-size wp-block-list\"><li>Documentar con fotograf\u00edas toda la colecci\u00f3n de referencia.<\/li><li>Registrar en CONAP la colecci\u00f3n de referencia.<\/li><li>Realizar fichas t\u00e9cnicas para todas las especies.<\/li><li>Realizar pruebas de germinaci\u00f3n de las plantas nativas del pa\u00eds presentes en el Jard\u00edn Bot\u00e1nico y evaluar su viabilidad.<\/li><li>Publicar nuevamente el\u00a0<em>Index Seminum.<\/em><\/li><li>Recuperar el contacto con los Jardines Bot\u00e1nicos extranjeros.<\/li><li>Reactivar el intercambio de semillas con otros jardines bot\u00e1nicos e instituciones afines.<\/li><li>Desarrollar proyectos de investigaci\u00f3n sobre semillas nativas del pa\u00eds.<\/li><\/ul>\n\n\n\n<p><\/p>\n<\/div><\/div>\n<\/div><\/div>\n<\/div>\n<\/div>\n<\/div>\n<\/div>\n","protected":false},"excerpt":{"rendered":"<p>Documentar con fotograf\u00edas toda la colecci\u00f3n de referencia. Registrar en CONAP la colecci\u00f3n de referencia. Realizar fichas t\u00e9cnicas para todas las especies. Realizar pruebas de germinaci\u00f3n de las plantas nativas del pa\u00eds presentes en el Jard\u00edn Bot\u00e1nico y evaluar su viabilidad. Publicar nuevamente el\u00a0Index Seminum. Recuperar el contacto con los Jardines Bot\u00e1nicos extranjeros. Reactivar el [&hellip;]<\/p>\n","protected":false},"author":1,"featured_media":790,"parent":153,"menu_order":0,"comment_status":"closed","ping_status":"closed","template":"","meta":{"footnotes":""},"class_list":["post-776","page","type-page","status-publish","has-post-thumbnail","czr-hentry"],"_links":{"self":[{"href":"https:\/\/jardinbotanico.usac.edu.gt\/index.php?rest_route=\/wp\/v2\/pages\/776","targetHints":{"allow":["GET"]}}],"collection":[{"href":"https:\/\/jardinbotanico.usac.edu.gt\/index.php?rest_route=\/wp\/v2\/pages"}],"about":[{"href":"https:\/\/jardinbotanico.usac.edu.gt\/index.php?rest_route=\/wp\/v2\/types\/page"}],"author":[{"embeddable":true,"href":"https:\/\/jardinbotanico.usac.edu.gt\/index.php?rest_route=\/wp\/v2\/users\/1"}],"replies":[{"embeddable":true,"href":"https:\/\/jardinbotanico.usac.edu.gt\/index.php?rest_route=%2Fwp%2Fv2%2Fcomments&post=776"}],"version-history":[{"count":4,"href":"https:\/\/jardinbotanico.usac.edu.gt\/index.php?rest_route=\/wp\/v2\/pages\/776\/revisions"}],"predecessor-version":[{"id":791,"href":"https:\/\/jardinbotanico.usac.edu.gt\/index.php?rest_route=\/wp\/v2\/pages\/776\/revisions\/791"}],"up":[{"embeddable":true,"href":"https:\/\/jardinbotanico.usac.edu.gt\/index.php?rest_route=\/wp\/v2\/pages\/153"}],"wp:featuredmedia":[{"embeddable":true,"href":"https:\/\/jardinbotanico.usac.edu.gt\/index.php?rest_route=\/wp\/v2\/media\/790"}],"wp:attachment":[{"href":"https:\/\/jardinbotanico.usac.edu.gt\/index.php?rest_route=%2Fwp%2Fv2%2Fmedia&parent=776"}],"curies":[{"name":"wp","href":"https:\/\/api.w.org\/{rel}","templated":true}]}}