{"id":835,"date":"2021-05-05T16:44:51","date_gmt":"2021-05-05T16:44:51","guid":{"rendered":"http:\/\/jardinbotanico.usac.edu.gt\/?page_id=835"},"modified":"2021-05-14T18:50:31","modified_gmt":"2021-05-14T18:50:31","slug":"servicios-2","status":"publish","type":"page","link":"https:\/\/jardinbotanico.usac.edu.gt\/?page_id=835","title":{"rendered":"SERVICIOS"},"content":{"rendered":"\n<p class=\"has-text-align-center has-large-font-size\"><strong>Base de Datos<\/strong><\/p>\n\n\n\n<p class=\"has-medium-font-size\">La base de datos del Herbario USCG es un sistema electr\u00f3nico computarizado en intranet, que facilita la b\u00fasqueda y correlaci\u00f3n de informaci\u00f3n sobre las colecciones bot\u00e1nicas. Entre los campos que se incluye se encuentra: informaci\u00f3n taxon\u00f3mica de las especies vegetales, informaci\u00f3n de colecta e informaci\u00f3n general de los espec\u00edmenes.<\/p>\n\n\n\n<p class=\"has-text-align-center has-large-font-size\"><strong>Biblioteca<\/strong><\/p>\n\n\n\n<p class=\"has-medium-font-size\">La colecci\u00f3n de referencias bibliogr\u00e1ficas est\u00e1 constituida por documentos, revistas cient\u00edficas, gu\u00edas, cat\u00e1logos y libros especializados en temas asociados a la bot\u00e1nica, taxonom\u00eda, sistem\u00e1tica, biogeograf\u00eda, ecolog\u00eda vegetal, palinolog\u00eda, plantas \u00fatiles y medicinales, entre otros.<\/p>\n\n\n\n<p class=\"has-text-align-center has-large-font-size\"><strong>Secado y Cuarentena de Espec\u00edmenes<\/strong><\/p>\n\n\n\n<p class=\"has-medium-font-size\">El Herbario cuenta con un \u00e1rea y equipo destinado a la herborizaci\u00f3n, secado y cuarentena de las muestras vegetales colectadas. El mismo podr\u00e1 ser utilizado tanto por usuarios internos como externos haciendo la correspondiente solicitud por escrito indicando los datos del proyecto y tiempo en que se requiere el servicio.<\/p>\n\n\n\n<p class=\"has-text-align-center has-large-font-size\"><strong>Identificaci\u00f3n de Espec\u00edmenes<\/strong><\/p>\n\n\n\n<p class=\"has-medium-font-size\">Contempla la asistencia por parte del personal en la determinaci\u00f3n y b\u00fasqueda de informaci\u00f3n dentro del Herbario, as\u00ed como el uso de las instalaciones, documentaci\u00f3n y equipos necesarios durante el proceso.<\/p>\n\n\n\n<p class=\"has-text-align-center has-large-font-size\"><strong>Intercambio de Espec\u00edmenes<\/strong><\/p>\n\n\n\n<p class=\"has-medium-font-size\">El Herbario contempla el pr\u00e9stamo de ejemplares exclusivamente de la colecci\u00f3n general, con herbarios nacionales y extranjeros.<\/p>\n","protected":false},"excerpt":{"rendered":"<p>Base de Datos La base de datos del Herbario USCG es un sistema electr\u00f3nico computarizado en intranet, que facilita la b\u00fasqueda y correlaci\u00f3n de informaci\u00f3n sobre las colecciones bot\u00e1nicas. Entre los campos que se incluye se encuentra: informaci\u00f3n taxon\u00f3mica de las especies vegetales, informaci\u00f3n de colecta e informaci\u00f3n general de los espec\u00edmenes. Biblioteca La colecci\u00f3n [&hellip;]<\/p>\n","protected":false},"author":101028,"featured_media":0,"parent":771,"menu_order":2,"comment_status":"closed","ping_status":"closed","template":"","meta":{"footnotes":""},"class_list":["post-835","page","type-page","status-publish","czr-hentry"],"_links":{"self":[{"href":"https:\/\/jardinbotanico.usac.edu.gt\/index.php?rest_route=\/wp\/v2\/pages\/835","targetHints":{"allow":["GET"]}}],"collection":[{"href":"https:\/\/jardinbotanico.usac.edu.gt\/index.php?rest_route=\/wp\/v2\/pages"}],"about":[{"href":"https:\/\/jardinbotanico.usac.edu.gt\/index.php?rest_route=\/wp\/v2\/types\/page"}],"author":[{"embeddable":true,"href":"https:\/\/jardinbotanico.usac.edu.gt\/index.php?rest_route=\/wp\/v2\/users\/101028"}],"replies":[{"embeddable":true,"href":"https:\/\/jardinbotanico.usac.edu.gt\/index.php?rest_route=%2Fwp%2Fv2%2Fcomments&post=835"}],"version-history":[{"count":3,"href":"https:\/\/jardinbotanico.usac.edu.gt\/index.php?rest_route=\/wp\/v2\/pages\/835\/revisions"}],"predecessor-version":[{"id":862,"href":"https:\/\/jardinbotanico.usac.edu.gt\/index.php?rest_route=\/wp\/v2\/pages\/835\/revisions\/862"}],"up":[{"embeddable":true,"href":"https:\/\/jardinbotanico.usac.edu.gt\/index.php?rest_route=\/wp\/v2\/pages\/771"}],"wp:attachment":[{"href":"https:\/\/jardinbotanico.usac.edu.gt\/index.php?rest_route=%2Fwp%2Fv2%2Fmedia&parent=835"}],"curies":[{"name":"wp","href":"https:\/\/api.w.org\/{rel}","templated":true}]}}